{"id":5715,"date":"2023-05-14T16:28:21","date_gmt":"2023-05-14T14:28:21","guid":{"rendered":"http:\/\/teatramatorski.art\/?page_id=5715"},"modified":"2023-05-17T12:59:29","modified_gmt":"2023-05-17T10:59:29","slug":"ewa-lubacz-cwiczenia","status":"publish","type":"page","link":"http:\/\/teatramatorski.art\/index.php\/ewa-lubacz-cwiczenia\/","title":{"rendered":"Ewa Lubacz &#8211; \u0107wiczenia"},"content":{"rendered":"\n<div class=\"wp-block-stackable-columns alignfull stk-block-columns stk-block stk-6ea7f51 stk-block-background\" data-block-id=\"6ea7f51\"><style>.stk-6ea7f51{background-color:#fcb900 !important}.stk-6ea7f51:before{background-color:#fcb900 !important}.stk-6ea7f51{padding-top:80px !important;padding-bottom:80px !important}<\/style><div class=\"stk-row stk-inner-blocks stk-block-content stk-content-align stk-6ea7f51-column alignwide\">\n<div class=\"wp-block-stackable-column stk-block-column stk-block-column--v2 stk-column stk-block stk-558149d\" data-block-id=\"558149d\"><style>@media screen and (min-width:768px){.stk-558149d{flex:1 1 calc(39.9% - var(--stk-column-gap,0px) * 1 \/ 2 ) !important}}.stk-558149d{top:-47px !important}<\/style><div class=\"stk-column-wrapper stk-block-column__content stk-container stk-558149d-container stk--no-background stk--no-padding\"><div class=\"stk-block-content stk-inner-blocks stk-558149d-inner-blocks\">\n<div class=\"wp-block-stackable-subtitle stk-block-subtitle stk-block stk-e3b2d30\" data-block-id=\"e3b2d30\"><style>.stk-e3b2d30{margin-bottom:8px !important}.stk-e3b2d30 .stk-block-subtitle__text{font-size:16px !important;color:#ed5521 !important;font-weight:bold !important;text-transform:uppercase !important;font-family:\"Inter\",Sans-serif !important;letter-spacing:1px !important}@media screen and (max-width:1023px){.stk-e3b2d30 .stk-block-subtitle__text{font-size:16px !important}}<\/style><p class=\"stk-block-subtitle__text stk-subtitle has-text-color has-text-align-left\">Materia\u0142y szkoleniowe<\/p><\/div>\n\n\n\n<div class=\"wp-block-stackable-heading stk-block-heading stk-block stk-2b0d81b\" id=\"ewa-lubacz\" data-block-id=\"2b0d81b\"><style>.stk-2b0d81b .stk-block-heading__text{font-size:46px !important;margin:0 !important;color:#1a1a1a !important;font-weight:800 !important;font-family:\"Raleway\",Sans-serif !important}@media screen and (max-width:1023px){.stk-2b0d81b .stk-block-heading__text{font-size:46px !important}}<\/style><h2 class=\"stk-block-heading__text has-text-color\">Ewa Lubacz<\/h2><\/div>\n\n\n\n<div class=\"wp-block-stackable-text stk-block-text stk-block stk-d4476ce\" data-block-id=\"d4476ce\"><style>.stk-d4476ce .stk-block-text__text{color:#000000 !important}<\/style><p class=\"stk-block-text__text has-text-color has-black-color\">Aktorka. Uko\u0144czy\u0142a Akademi\u0119 Teatraln\u0105 im.&nbsp;<a href=\"https:\/\/www.filmweb.pl\/person\/Aleksander+Zelwerowicz-44996\">Aleksandra Zelwerowicza<\/a>&nbsp;w Warszawie &#8211; Wydzia\u0142 Sztuki Lalkarskiej w Bia\u0142ymstoku (Polska)<\/p><\/div>\n<\/div><\/div><\/div>\n\n\n\n<div class=\"wp-block-stackable-column stk-block-column stk-block-column--v2 stk-column stk-block stk-370b4a7\" data-block-id=\"370b4a7\"><style>@media screen and (min-width:768px){.stk-370b4a7{flex:1 1 calc(60.1% - var(--stk-column-gap,0px) * 1 \/ 2 ) !important}}.stk-370b4a7{top:-31px !important}<\/style><div class=\"stk-column-wrapper stk-block-column__content stk-container stk-370b4a7-container stk--no-background stk--no-padding\"><div class=\"stk-block-content stk-inner-blocks stk-370b4a7-inner-blocks\">\n<div class=\"wp-block-stackable-columns stk-block-columns stk-block stk-1b94742\" data-block-id=\"1b94742\"><div class=\"stk-row stk-inner-blocks stk-block-content stk-content-align stk-1b94742-column\">\n<div class=\"wp-block-stackable-column stk-block-column stk-block-column--v2 stk-column stk-block stk-f2813ed\" data-block-id=\"f2813ed\"><div class=\"stk-column-wrapper stk-block-column__content stk-container stk-f2813ed-container stk--no-background stk--no-padding\"><div class=\"stk-block-content stk-inner-blocks stk-f2813ed-inner-blocks\">\n<div class=\"wp-block-stackable-video-popup stk-block-video-popup stk-block stk-1238c66\" data-video=\"https:\/\/youtu.be\/1BY2ZlbQ-vg\" data-block-id=\"1238c66\"><button class=\"stk-block-video-popup__overlay stk-row stk-inner-blocks stk-block-content stk-hover-parent\" aria-label=\"Play Video\">\n<div class=\"wp-block-stackable-icon stk-block-icon has-text-align-center stk-block stk-4c2d901\" data-block-id=\"4c2d901\"><style>.stk-4c2d901{box-shadow:0px 0px 0px 0px rgba(0,0,0,1) !important}.stk-4c2d901 .stk--svg-wrapper .stk--inner-svg svg:last-child{height:61px !important;width:61px !important}.stk-4c2d901 .stk--svg-wrapper .stk--inner-svg svg:last-child,.stk-4c2d901 .stk--svg-wrapper .stk--inner-svg svg:last-child :is(g,path,rect,polygon,ellipse){fill:#00d084 !important}<\/style><span class=\"stk--svg-wrapper\"><div class=\"stk--inner-svg\"><svg style=\"height:0;width:0\"><defs><linearGradient id=\"linear-gradient-4c2d901\" x1=\"0\" x2=\"100%\" y1=\"0\" y2=\"0\"><stop offset=\"0%\" style=\"stop-opacity:1;stop-color:var(--linear-gradient-4-c-2-d-901-color-1)\"><\/stop><stop offset=\"100%\" style=\"stop-opacity:1;stop-color:var(--linear-gradient-4-c-2-d-901-color-2)\"><\/stop><\/linearGradient><\/defs><\/svg><svg data-prefix=\"fas\" data-icon=\"play\" class=\"svg-inline--fa fa-play fa-w-14\" xmlns=\"http:\/\/www.w3.org\/2000\/svg\" viewBox=\"0 0 448 512\" aria-hidden=\"true\" width=\"32\" height=\"32\"><path fill=\"currentColor\" d=\"M424.4 214.7L72.4 6.6C43.8-10.3 0 6.1 0 47.9V464c0 37.5 40.7 60.1 72.4 41.3l352-208c31.4-18.5 31.5-64.1 0-82.6z\"><\/path><\/svg><\/div><\/span><\/div>\n\n\n\n<div class=\"wp-block-stackable-image stk-block-image stk-block stk-c93e0f7\" data-block-id=\"c93e0f7\"><style>.stk-c93e0f7 .stk-img-wrapper img{transform:scale(0.98) !important;object-position:50% 50% !important}.stk-c93e0f7 .stk-img-wrapper{width:80% !important;height:238px !important;filter:drop-shadow(0px 0px 19px rgba(0,0,0,1)) !important}.stk-c93e0f7 .stk-img-wrapper img{border-radius:78px !important}<\/style><figure class=\"stk-img-wrapper stk-image--shape-stretch stk--shadow-0px 0px 19px rgba(0,0,0, 1)\"><img loading=\"lazy\" decoding=\"async\" class=\"stk-img wp-image-5607\" src=\"http:\/\/teatramatorski.art\/wp-content\/uploads\/2023\/05\/ewa.jpg\" width=\"138\" height=\"110\"\/><\/figure><\/div>\n<\/button><\/div>\n<\/div><\/div><\/div>\n<\/div><\/div>\n\n\n\n<div class=\"wp-block-stackable-text stk-block-text stk-block stk-266ac60\" data-block-id=\"266ac60\"><style>.stk-266ac60 .stk-block-text__text{color:#000000 !important}<\/style><p class=\"stk-block-text__text has-text-color has-black-color\">Warsztatowe przyk\u0142ady \u0107wicze\u0144; stopklatka pos\u0105g, improwizacja <\/p><\/div>\n<\/div><\/div><\/div>\n<\/div><\/div>\n","protected":false},"excerpt":{"rendered":"<p>Materia\u0142y szkoleniowe Ewa Lubacz Aktorka. Uko\u0144czy\u0142a Akademi\u0119 Teatraln\u0105 im.&nbsp;Aleksandra Zelwerowicza&nbsp;w Warszawie &#8211; Wydzia\u0142 Sztuki Lalkarskiej w Bia\u0142ymstoku (Polska) Warsztatowe przyk\u0142ady \u0107wicze\u0144; stopklatka pos\u0105g, improwizacja<\/p>\n","protected":false},"author":1,"featured_media":0,"parent":0,"menu_order":0,"comment_status":"closed","ping_status":"closed","template":"","meta":{"_mi_skip_tracking":false,"_monsterinsights_sitenote_active":false,"_monsterinsights_sitenote_note":"","_monsterinsights_sitenote_category":0,"kk_blocks_editor_width":"","_kiokenblocks_attr":"","_kiokenblocks_dimensions":"","footnotes":""},"simple-restrict-permission":[],"class_list":["bg-stuff"],"featured_image_urls":{"full":"","thumbnail":"","medium":"","medium_large":"","large":"","1536x1536":"","2048x2048":""},"post_excerpt_stackable":"<p>Materia\u0142y szkoleniowe Ewa Lubacz Aktorka. Uko\u0144czy\u0142a Akademi\u0119 Teatraln\u0105 im.&nbsp;Aleksandra Zelwerowicza&nbsp;w Warszawie &#8211; Wydzia\u0142 Sztuki Lalkarskiej w Bia\u0142ymstoku (Polska) Warsztatowe przyk\u0142ady \u0107wicze\u0144; stopklatka pos\u0105g, improwizacja<\/p>\n","category_list":"","author_info":{"name":"admin","url":"http:\/\/teatramatorski.art\/index.php\/author\/admin\/"},"comments_num":"0 comments","featured_image_urls_v2":{"full":"","thumbnail":"","medium":"","medium_large":"","large":"","1536x1536":"","2048x2048":""},"post_excerpt_stackable_v2":"<p>Materia\u0142y szkoleniowe Ewa Lubacz Aktorka. Uko\u0144czy\u0142a Akademi\u0119 Teatraln\u0105 im.&nbsp;Aleksandra Zelwerowicza&nbsp;w Warszawie &#8211; Wydzia\u0142 Sztuki Lalkarskiej w Bia\u0142ymstoku (Polska) Warsztatowe przyk\u0142ady \u0107wicze\u0144; stopklatka pos\u0105g, improwizacja<\/p>\n","category_list_v2":"","author_info_v2":{"name":"admin","url":"http:\/\/teatramatorski.art\/index.php\/author\/admin\/"},"comments_num_v2":"0 comments","yoast_head":"<!-- This site is optimized with the Yoast SEO plugin v21.1 - https:\/\/yoast.com\/wordpress\/plugins\/seo\/ -->\n<title>Ewa Lubacz - \u0107wiczenia - P.T.A<\/title>\n<meta name=\"robots\" content=\"index, follow, max-snippet:-1, max-image-preview:large, max-video-preview:-1\" \/>\n<link rel=\"canonical\" href=\"http:\/\/teatramatorski.art\/index.php\/ewa-lubacz-cwiczenia\/\" \/>\n<meta property=\"og:locale\" content=\"pl_PL\" \/>\n<meta property=\"og:type\" content=\"article\" \/>\n<meta property=\"og:title\" content=\"Ewa Lubacz - \u0107wiczenia - P.T.A\" \/>\n<meta property=\"og:description\" content=\"Materia\u0142y szkoleniowe Ewa Lubacz Aktorka. Uko\u0144czy\u0142a Akademi\u0119 Teatraln\u0105 im.&nbsp;Aleksandra Zelwerowicza&nbsp;w Warszawie &#8211; Wydzia\u0142 Sztuki Lalkarskiej w Bia\u0142ymstoku (Polska) Warsztatowe przyk\u0142ady \u0107wicze\u0144; stopklatka pos\u0105g, improwizacja\" \/>\n<meta property=\"og:url\" content=\"http:\/\/teatramatorski.art\/index.php\/ewa-lubacz-cwiczenia\/\" \/>\n<meta property=\"og:site_name\" content=\"P.T.A\" \/>\n<meta property=\"article:modified_time\" content=\"2023-05-17T10:59:29+00:00\" \/>\n<meta property=\"og:image\" content=\"http:\/\/teatramatorski.art\/wp-content\/uploads\/2023\/05\/ewa.jpg\" \/>\n<meta name=\"twitter:card\" content=\"summary_large_image\" \/>\n<meta name=\"twitter:label1\" content=\"Szacowany czas czytania\" \/>\n\t<meta name=\"twitter:data1\" content=\"1 minuta\" \/>\n<script type=\"application\/ld+json\" class=\"yoast-schema-graph\">{\"@context\":\"https:\/\/schema.org\",\"@graph\":[{\"@type\":\"WebPage\",\"@id\":\"http:\/\/teatramatorski.art\/index.php\/ewa-lubacz-cwiczenia\/\",\"url\":\"http:\/\/teatramatorski.art\/index.php\/ewa-lubacz-cwiczenia\/\",\"name\":\"Ewa Lubacz - \u0107wiczenia - P.T.A\",\"isPartOf\":{\"@id\":\"http:\/\/teatramatorski.art\/#website\"},\"datePublished\":\"2023-05-14T14:28:21+00:00\",\"dateModified\":\"2023-05-17T10:59:29+00:00\",\"breadcrumb\":{\"@id\":\"http:\/\/teatramatorski.art\/index.php\/ewa-lubacz-cwiczenia\/#breadcrumb\"},\"inLanguage\":\"pl-PL\",\"potentialAction\":[{\"@type\":\"ReadAction\",\"target\":[\"http:\/\/teatramatorski.art\/index.php\/ewa-lubacz-cwiczenia\/\"]}]},{\"@type\":\"BreadcrumbList\",\"@id\":\"http:\/\/teatramatorski.art\/index.php\/ewa-lubacz-cwiczenia\/#breadcrumb\",\"itemListElement\":[{\"@type\":\"ListItem\",\"position\":1,\"name\":\"Strona g\u0142\u00f3wna\",\"item\":\"http:\/\/teatramatorski.art\/\"},{\"@type\":\"ListItem\",\"position\":2,\"name\":\"Ewa Lubacz &#8211; \u0107wiczenia\"}]},{\"@type\":\"WebSite\",\"@id\":\"http:\/\/teatramatorski.art\/#website\",\"url\":\"http:\/\/teatramatorski.art\/\",\"name\":\"P.T.A\",\"description\":\"Platforma Teatr\u00f3w Amatorskich\",\"potentialAction\":[{\"@type\":\"SearchAction\",\"target\":{\"@type\":\"EntryPoint\",\"urlTemplate\":\"http:\/\/teatramatorski.art\/?s={search_term_string}\"},\"query-input\":\"required name=search_term_string\"}],\"inLanguage\":\"pl-PL\"}]}<\/script>\n<!-- \/ Yoast SEO plugin. -->","yoast_head_json":{"title":"Ewa Lubacz - \u0107wiczenia - P.T.A","robots":{"index":"index","follow":"follow","max-snippet":"max-snippet:-1","max-image-preview":"max-image-preview:large","max-video-preview":"max-video-preview:-1"},"canonical":"http:\/\/teatramatorski.art\/index.php\/ewa-lubacz-cwiczenia\/","og_locale":"pl_PL","og_type":"article","og_title":"Ewa Lubacz - \u0107wiczenia - P.T.A","og_description":"Materia\u0142y szkoleniowe Ewa Lubacz Aktorka. Uko\u0144czy\u0142a Akademi\u0119 Teatraln\u0105 im.&nbsp;Aleksandra Zelwerowicza&nbsp;w Warszawie &#8211; Wydzia\u0142 Sztuki Lalkarskiej w Bia\u0142ymstoku (Polska) Warsztatowe przyk\u0142ady \u0107wicze\u0144; stopklatka pos\u0105g, improwizacja","og_url":"http:\/\/teatramatorski.art\/index.php\/ewa-lubacz-cwiczenia\/","og_site_name":"P.T.A","article_modified_time":"2023-05-17T10:59:29+00:00","og_image":[{"url":"http:\/\/teatramatorski.art\/wp-content\/uploads\/2023\/05\/ewa.jpg"}],"twitter_card":"summary_large_image","twitter_misc":{"Szacowany czas czytania":"1 minuta"},"schema":{"@context":"https:\/\/schema.org","@graph":[{"@type":"WebPage","@id":"http:\/\/teatramatorski.art\/index.php\/ewa-lubacz-cwiczenia\/","url":"http:\/\/teatramatorski.art\/index.php\/ewa-lubacz-cwiczenia\/","name":"Ewa Lubacz - \u0107wiczenia - P.T.A","isPartOf":{"@id":"http:\/\/teatramatorski.art\/#website"},"datePublished":"2023-05-14T14:28:21+00:00","dateModified":"2023-05-17T10:59:29+00:00","breadcrumb":{"@id":"http:\/\/teatramatorski.art\/index.php\/ewa-lubacz-cwiczenia\/#breadcrumb"},"inLanguage":"pl-PL","potentialAction":[{"@type":"ReadAction","target":["http:\/\/teatramatorski.art\/index.php\/ewa-lubacz-cwiczenia\/"]}]},{"@type":"BreadcrumbList","@id":"http:\/\/teatramatorski.art\/index.php\/ewa-lubacz-cwiczenia\/#breadcrumb","itemListElement":[{"@type":"ListItem","position":1,"name":"Strona g\u0142\u00f3wna","item":"http:\/\/teatramatorski.art\/"},{"@type":"ListItem","position":2,"name":"Ewa Lubacz &#8211; \u0107wiczenia"}]},{"@type":"WebSite","@id":"http:\/\/teatramatorski.art\/#website","url":"http:\/\/teatramatorski.art\/","name":"P.T.A","description":"Platforma Teatr\u00f3w Amatorskich","potentialAction":[{"@type":"SearchAction","target":{"@type":"EntryPoint","urlTemplate":"http:\/\/teatramatorski.art\/?s={search_term_string}"},"query-input":"required name=search_term_string"}],"inLanguage":"pl-PL"}]}},"_links":{"self":[{"href":"http:\/\/teatramatorski.art\/index.php\/wp-json\/wp\/v2\/pages\/5715","targetHints":{"allow":["GET"]}}],"collection":[{"href":"http:\/\/teatramatorski.art\/index.php\/wp-json\/wp\/v2\/pages"}],"about":[{"href":"http:\/\/teatramatorski.art\/index.php\/wp-json\/wp\/v2\/types\/page"}],"author":[{"embeddable":true,"href":"http:\/\/teatramatorski.art\/index.php\/wp-json\/wp\/v2\/users\/1"}],"replies":[{"embeddable":true,"href":"http:\/\/teatramatorski.art\/index.php\/wp-json\/wp\/v2\/comments?post=5715"}],"version-history":[{"count":6,"href":"http:\/\/teatramatorski.art\/index.php\/wp-json\/wp\/v2\/pages\/5715\/revisions"}],"predecessor-version":[{"id":5906,"href":"http:\/\/teatramatorski.art\/index.php\/wp-json\/wp\/v2\/pages\/5715\/revisions\/5906"}],"wp:attachment":[{"href":"http:\/\/teatramatorski.art\/index.php\/wp-json\/wp\/v2\/media?parent=5715"}],"wp:term":[{"taxonomy":"simple-restrict-permission","embeddable":true,"href":"http:\/\/teatramatorski.art\/index.php\/wp-json\/wp\/v2\/simple-restrict-permission?post=5715"}],"curies":[{"name":"wp","href":"https:\/\/api.w.org\/{rel}","templated":true}]}}